{"id":1765,"date":"2024-05-02T08:38:56","date_gmt":"2024-05-02T08:38:56","guid":{"rendered":"https:\/\/prisme.es\/?page_id=1765"},"modified":"2024-05-03T07:40:04","modified_gmt":"2024-05-03T07:40:04","slug":"politica-de-cookies","status":"publish","type":"page","link":"https:\/\/www.prisme.es\/fra\/politica-de-cookies\/","title":{"rendered":"Politique en mati\u00e8re de cookies"},"content":{"rendered":"<div data-elementor-type=\"wp-post\" data-elementor-id=\"1765\" class=\"elementor elementor-1765\" data-elementor-post-type=\"page\">\n\t\t\t\t\t\t<header class=\"elementor-section elementor-top-section elementor-element elementor-element-b99dcd7 elementor-section-height-min-height elementor-section-content-bottom elementor-section-boxed elementor-section-height-default elementor-section-items-middle\" data-id=\"b99dcd7\" data-element_type=\"section\" data-settings=\"{&quot;background_background&quot;:&quot;classic&quot;}\">\n\t\t\t\t\t\t\t<div class=\"elementor-background-overlay\"><\/div>\n\t\t\t\t\t\t\t<div class=\"elementor-container elementor-column-gap-default\">\n\t\t\t\t\t<div class=\"elementor-column elementor-col-100 elementor-top-column elementor-element elementor-element-2b0cb33 animated-slow elementor-invisible\" data-id=\"2b0cb33\" data-element_type=\"column\" data-settings=\"{&quot;animation&quot;:&quot;fadeInUp&quot;}\">\n\t\t\t<div class=\"elementor-widget-wrap elementor-element-populated\">\n\t\t\t\t\t\t<div class=\"elementor-element elementor-element-33df84f elementor-widget__width-initial elementor-widget elementor-widget-heading\" data-id=\"33df84f\" data-element_type=\"widget\" data-widget_type=\"heading.default\">\n\t\t\t\t<div class=\"elementor-widget-container\">\n\t\t\t\t\t<h1 class=\"elementor-heading-title elementor-size-default\">Politique en mati\u00e8re de cookies<\/h1>\t\t\t\t<\/div>\n\t\t\t\t<\/div>\n\t\t\t\t\t<\/div>\n\t\t<\/div>\n\t\t\t\t\t<\/div>\n\t\t<\/header>\n\t\t\t\t<section class=\"elementor-section elementor-top-section elementor-element elementor-element-cedb67f elementor-section-boxed elementor-section-height-default elementor-section-height-default\" data-id=\"cedb67f\" data-element_type=\"section\" data-settings=\"{&quot;background_background&quot;:&quot;classic&quot;}\">\n\t\t\t\t\t\t<div class=\"elementor-container elementor-column-gap-default\">\n\t\t\t\t\t<div class=\"elementor-column elementor-col-100 elementor-top-column elementor-element elementor-element-1be7c9b\" data-id=\"1be7c9b\" data-element_type=\"column\">\n\t\t\t<div class=\"elementor-widget-wrap elementor-element-populated\">\n\t\t\t\t\t\t<div class=\"elementor-element elementor-element-ba49739 elementor-widget elementor-widget-spacer\" data-id=\"ba49739\" data-element_type=\"widget\" data-widget_type=\"spacer.default\">\n\t\t\t\t<div class=\"elementor-widget-container\">\n\t\t\t\t\t\t\t<div class=\"elementor-spacer\">\n\t\t\t<div class=\"elementor-spacer-inner\"><\/div>\n\t\t<\/div>\n\t\t\t\t\t\t<\/div>\n\t\t\t\t<\/div>\n\t\t\t\t<div class=\"elementor-element elementor-element-d33ee92 elementor-widget__width-initial elementor-widget elementor-widget-text-editor\" data-id=\"d33ee92\" data-element_type=\"widget\" data-widget_type=\"text-editor.default\">\n\t\t\t\t<div class=\"elementor-widget-container\">\n\t\t\t\t\t\t\t\t\t<div><em style=\"font-weight: bolder; color: var( --e-global-color-text );\">I. \u00bfQu\u00e9 son las cookies?<br><\/em><\/div>\n<p>Las cookies son peque\u00f1as cantidades de informaci\u00f3n que se almacenan en el ordenador, tel\u00e9fono, tablet o cualquier otro dispositivo utilizado por el usuario para que el servidor recuerde cierta informaci\u00f3n que posteriormente pueda utilizar. Esta informaci\u00f3n permite identificarle a usted como un usuario concreto y permite guardar sus preferencias personales, as\u00ed como informaci\u00f3n t\u00e9cnica como puedan ser visitas, tiempo de navegaci\u00f3n en la Web\/App. El uso de esta informaci\u00f3n permite que el servidor donde se encuentra la Web\/App reconozca el navegador utilizado por el usuario, permitiendo, por ejemplo, al usuario registrado el acceso a las \u00e1reas sin tener que registrarse en cada visita y recordar sus preferencias de idioma, pa\u00eds etc. en las futuras visitas. Asimismo, esta informaci\u00f3n se puede utilizar para medir la audiencia y par\u00e1metros del tr\u00e1fico en la Web\/App.<\/p>\n<div>\n<p><span style=\"font-weight: bolder;\"><em>II. \u00bfQu\u00e9 tipos de cookies existen?<br><\/em><\/span><span style=\"color: var( --e-global-color-text );\">A continuaci\u00f3n, se realiza una clasificaci\u00f3n de las cookies en funci\u00f3n de una serie de categor\u00edas.<\/span><\/p>\n<p><strong>Tipos de cookies seg\u00fan la entidad que las gestione:<\/strong><\/p>\n<ul>\n<li>Cookies propias: Son aqu\u00e9llas que se env\u00edan al equipo terminal del usuario desde un equipo o dominio gestionado por el propio editor y desde el que se presta el servicio solicitado por el usuario.<\/li>\n<li>Cookies de tercero: Son aqu\u00e9llas que se env\u00edan al equipo terminal del usuario desde un equipo o dominio que no es gestionado por el editor, sino por otra entidad que trata los datos obtenidos trav\u00e9s de las cookies.<\/li>\n<\/ul>\n<p><strong>Tipos de cookies seg\u00fan el plazo de tiempo que permanecen activadas:<\/strong><\/p>\n<ul>\n<li>Cookies de sesi\u00f3n: Son un tipo de cookies dise\u00f1adas para recabar y almacenar datos mientras el usuario accede a una Web\/App.<\/li>\n<li>Cookies persistentes: Son un tipo de cookies en el que los datos siguen almacenados en el terminal y pueden ser accedidos y tratados durante un periodo definido por el responsable de la cookie, y que puede ir de unos minutos a varios a\u00f1os.<\/li>\n<\/ul>\n<p><strong>Tipos de cookies seg\u00fan su finalidad:<\/strong><\/p>\n<ul>\n<li>Cookies t\u00e9cnicas: Son aqu\u00e9llas que permiten al usuario la navegaci\u00f3n a trav\u00e9s de una p\u00e1gina web, plataforma o aplicaci\u00f3n y la utilizaci\u00f3n de las diferentes opciones o servicios que en ella existan como, por ejemplo, controlar el tr\u00e1fico y la comunicaci\u00f3n de datos, identificar la sesi\u00f3n, acceder a partes de acceso restringido, recordar los elementos que integran un pedido, realizar el proceso de compra de un pedido, realizar la solicitud de inscripci\u00f3n o participaci\u00f3n en un evento, utilizar elementos de seguridad durante la navegaci\u00f3n, almacenar contenidos para la difusi\u00f3n de videos o sonido o compartir contenidos a trav\u00e9s de redes sociales.<\/li>\n<li>Cookies de personalizaci\u00f3n: Son aqu\u00e9llas que permiten al usuario acceder al servicio con algunas caracter\u00edsticas de car\u00e1cter general predefinidas en funci\u00f3n de una serie de criterios en el terminal del usuario como por ejemplo serian el idioma, el tipo de navegador a trav\u00e9s del cual accede al servicio, la configuraci\u00f3n regional desde donde accede al servicio, etc.<\/li>\n<li>Cookies de an\u00e1lisis: Son aqu\u00e9llas que permiten al responsable de las mismas, el seguimiento y an\u00e1lisis del comportamiento de los usuarios de los sitios web\/app a los que est\u00e1n vinculadas. La informaci\u00f3n recogida mediante este tipo de cookies se utiliza en la medici\u00f3n de la actividad de los sitios web, aplicaci\u00f3n o plataforma y para la elaboraci\u00f3n de perfiles de navegaci\u00f3n de los usuarios de dichos sitios, aplicaciones y plataformas, con el fin de introducir mejoras en funci\u00f3n del an\u00e1lisis de los datos de uso que hacen los usuarios del servicio.<\/li>\n<li>Cookies publicitarias: Son aqu\u00e9llas que permiten la gesti\u00f3n, de la forma m\u00e1s eficaz posible, de los espacios publicitarios que, en su caso, el editor haya incluido en una p\u00e1gina web, aplicaci\u00f3n o plataforma desde la que presta el servicio solicitado en base a criterios como el contenido editado o la frecuencia en la que se muestran los anuncios.<\/li>\n<li>Cookies de publicidad comportamental: Son aqu\u00e9llas que permiten la gesti\u00f3n, de la forma m\u00e1s eficaz posible, de los espacios publicitarios que, en su caso, el editor haya incluido en una p\u00e1gina web, aplicaci\u00f3n o plataforma desde la que presta el servicio solicitado. Estas cookies almacenan informaci\u00f3n del comportamiento de los usuarios obtenida a trav\u00e9s de la observaci\u00f3n continuada de sus h\u00e1bitos de navegaci\u00f3n, lo que permite desarrollar un perfil espec\u00edfico para mostrar publicidad en funci\u00f3n del mismo.<br><br><\/li>\n<\/ul>\n<\/div>\n<p><em><b>III. <strong>\u00bfQu\u00e9 tipos de cookies utiliza Fotify Business Advisers, S.L. (\u201cPrisme\u201d) &nbsp;y con qu\u00e9 finalidades?<br><br><\/strong><\/b><\/em><strong style=\"color: var( --e-global-color-text );\">Fotify Business Advisers, S.L. (\u201cPrisme\u201d)<\/strong><span style=\"color: var( --e-global-color-text );\"> utiliza los siguientes&nbsp;<\/span><strong style=\"color: var( --e-global-color-text );\">tipos de cookies<\/strong><span style=\"color: var( --e-global-color-text );\">&nbsp;con las finalidades indicadas:<\/span><\/p>\n<ul>\n<li>Cookies funcionales: son necesarias para mostrar correctamente la p\u00e1gina web\/App y garantizar el correcto funcionamiento del sitio. Son cookies que ayudan al usuario a tener una mejor experiencia de la navegaci\u00f3n por el sitio. Un ejemplo de uso de este tipo de cookies son las que se utilizan para almacenar los datos de navegaci\u00f3n de un determinado idioma.<\/li>\n<li>Cookies anal\u00edticas: Estas cookies se utilizan para analizar el comportamiento de los usuarios de forma agregada y an\u00f3nima incluyendo el n\u00famero de visitantes a la web\/App y a diferentes fichas de producto, la procedencia de las visita, d\u00eda y hora, plataforma, numero de clics en un banner, palabras de b\u00fasqueda que utiliza un usuario para encontrar su contenido deseado. De esta forma&nbsp;<span style=\"font-weight: bolder;\">Fotify Business Advisers, S.L. (\u201cPrisme\u201d)<\/span>&nbsp;se sirve de un medio de gran utilidad para poder introducir mejoras en el sitio web\/App y saber qu\u00e9 contenido o dise\u00f1o es m\u00e1s relevante para el usuario.<br><br><\/li>\n<\/ul>\n<p><span style=\"font-weight: bolder;\"><em>IV. <strong>\u00bfC\u00f3mo gestionar las cookies?<br><\/strong><\/em><\/span><span style=\"color: var( --e-global-color-text );\">Para permitir, conocer, bloquear o eliminar las cookies instaladas en su equipo o dispositivo puede hacerlo mediante la configuraci\u00f3n de las opciones del navegador. El usuario puede configurar su navegador en cualquier momento, deshabilitando la instalaci\u00f3n de cookies y eliminando las previamente instaladas. En el caso de no permitir la instalaci\u00f3n de cookies es posible que no pueda acceder a algunas de las funcionalidades y\/o servicios de la Web\/App y que, por tanto, tu experiencia en la navegaci\u00f3n resulte menos satisfactoria.<\/span><\/p>\n<p>Para m\u00e1s informaci\u00f3n de c\u00f3mo gestionar las cookies consulte los siguientes enlaces:<\/p>\n<ul>\n<li>Chrome desde aqu\u00ed:&nbsp;<a href=\"http:\/\/support.google.com\/chrome\/bin\/answer.py?hl=es&amp;answer=95647\" target=\"_blank\" rel=\"noopener\">http:\/\/support.google.com\/chrome\/bin\/answer.py?hl=es&amp;answer=95647<\/a><\/li>\n<li>Firefox desde aqu\u00ed:&nbsp;<a href=\"http:\/\/support.mozilla.org\/es\/kb\/habilitar-y-deshabilitar-cookies-que-los-sitios-we\" target=\"_blank\" rel=\"noopener\">http:\/\/support.mozilla.org\/es\/kb\/habilitar-y-deshabilitar-cookies-que-los-sitios-we<\/a><\/li>\n<li>Explorer desde aqu\u00ed:&nbsp;<a href=\"https:\/\/support.microsoft.com\/es-es\/help\/17442\/windows-internet-explorer-delete-manage-cookies\" target=\"_blank\" rel=\"noopener\">https:\/\/support.microsoft.com\/es-es\/help\/17442\/windows-internet-explorer-delete-manage-cookies<\/a><\/li>\n<li>Safari desde aqu\u00ed:&nbsp;<a href=\"http:\/\/support.apple.com\/kb\/ph5042\" target=\"_blank\" rel=\"noopener\">http:\/\/support.apple.com\/kb\/ph5042<\/a><\/li>\n<li>Opera desde aqu\u00ed:&nbsp;<a href=\"http:\/\/help.opera.com\/Windows\/11.50\/es-ES\/cookies.html\" target=\"_blank\" rel=\"noopener\">http:\/\/help.opera.com\/Windows\/11.50\/es-ES\/cookies.html<\/a><\/li>\n<\/ul>\t\t\t\t\t\t\t\t<\/div>\n\t\t\t\t<\/div>\n\t\t\t\t\t<\/div>\n\t\t<\/div>\n\t\t\t\t\t<\/div>\n\t\t<\/section>\n\t\t\t\t<\/div>","protected":false},"excerpt":{"rendered":"<p>Pol\u00edtica de Cookies I. \u00bfQu\u00e9 son las cookies? Las cookies son peque\u00f1as cantidades de informaci\u00f3n que se almacenan en el ordenador, tel\u00e9fono, tablet o cualquier otro dispositivo utilizado por el usuario para que el servidor recuerde cierta informaci\u00f3n que posteriormente pueda utilizar. Esta informaci\u00f3n permite identificarle a usted como un usuario concreto y permite guardar [&hellip;]<\/p>","protected":false},"author":1,"featured_media":0,"parent":0,"menu_order":0,"comment_status":"closed","ping_status":"closed","template":"","meta":{"om_disable_all_campaigns":false,"footnotes":""},"class_list":["post-1765","page","type-page","status-publish","hentry"],"_links":{"self":[{"href":"https:\/\/www.prisme.es\/fra\/wp-json\/wp\/v2\/pages\/1765","targetHints":{"allow":["GET"]}}],"collection":[{"href":"https:\/\/www.prisme.es\/fra\/wp-json\/wp\/v2\/pages"}],"about":[{"href":"https:\/\/www.prisme.es\/fra\/wp-json\/wp\/v2\/types\/page"}],"author":[{"embeddable":true,"href":"https:\/\/www.prisme.es\/fra\/wp-json\/wp\/v2\/users\/1"}],"replies":[{"embeddable":true,"href":"https:\/\/www.prisme.es\/fra\/wp-json\/wp\/v2\/comments?post=1765"}],"version-history":[{"count":13,"href":"https:\/\/www.prisme.es\/fra\/wp-json\/wp\/v2\/pages\/1765\/revisions"}],"predecessor-version":[{"id":1816,"href":"https:\/\/www.prisme.es\/fra\/wp-json\/wp\/v2\/pages\/1765\/revisions\/1816"}],"wp:attachment":[{"href":"https:\/\/www.prisme.es\/fra\/wp-json\/wp\/v2\/media?parent=1765"}],"curies":[{"name":"wp","href":"https:\/\/api.w.org\/{rel}","templated":true}]}}